{"id":6137,"date":"2019-11-20T12:33:44","date_gmt":"2019-11-20T12:33:44","guid":{"rendered":"http:\/\/consulting.stylemixthemes.com\/demo\/?page_id=6137"},"modified":"2026-02-17T13:08:51","modified_gmt":"2026-02-17T13:08:51","slug":"coberturas","status":"publish","type":"page","link":"https:\/\/www.ferrandi.com.ar\/2021\/coberturas\/","title":{"rendered":"Coberturas"},"content":{"rendered":"\t\t<div data-elementor-type=\"wp-page\" data-elementor-id=\"6137\" class=\"elementor elementor-6137\">\n\t\t\t\t\t\t\t\t\t<section class=\"elementor-section elementor-top-section elementor-element elementor-element-e50f522 elementor-section-boxed elementor-section-height-default elementor-section-height-default\" data-id=\"e50f522\" data-element_type=\"section\">\n\t\t\t\t\t\t<div class=\"elementor-container elementor-column-gap-default\">\n\t\t\t\t\t<div class=\"elementor-column elementor-col-50 elementor-top-column elementor-element elementor-element-9898b35\" data-id=\"9898b35\" data-element_type=\"column\">\n\t\t\t<div class=\"elementor-widget-wrap elementor-element-populated\">\n\t\t\t\t\t\t\t\t<div class=\"elementor-element elementor-element-252d853 elementor-widget elementor-widget-text-editor\" data-id=\"252d853\" data-element_type=\"widget\" data-widget_type=\"text-editor.default\">\n\t\t\t\t<div class=\"elementor-widget-container\">\n\t\t\t\t\t\t\t<p class=\"p1\">Hay circunstancias en la vida que, aunque parezcan lejanas, finalmente ser\u00e1n inexorables. Contar hoy con un seguro de sepelio significa evitar, llegado el momento, preocupaciones innecesarias y ahorrarle importantes erogaciones.<\/p>\n<p class=\"p1\">Concretar una p\u00f3liza le garantiza que el servicio estar\u00e1 disponible en el tiempo, sin que posteriormente deba afrontar pagos adicionales.<\/p>\n\t\t\t\t\t\t<\/div>\n\t\t\t\t<\/div>\n\t\t\t\t<div class=\"elementor-element elementor-element-252da76 elementor-widget elementor-widget-text-editor\" data-id=\"252da76\" data-element_type=\"widget\" data-widget_type=\"text-editor.default\">\n\t\t\t\t<div class=\"elementor-widget-container\">\n\t\t\t\t\t\t\t<blockquote>\n<p class=\"p1\">M\u00e1s de 120 a\u00f1os ofreciendo un servicio acorde a cada nedecidad.<\/p>\n<\/blockquote>\n\t\t\t\t\t\t<\/div>\n\t\t\t\t<\/div>\n\t\t\t\t<div class=\"elementor-element elementor-element-3e96167 elementor-widget elementor-widget-vc_custom_heading\" data-id=\"3e96167\" data-element_type=\"widget\" data-widget_type=\"vc_custom_heading.default\">\n\t\t\t\t<div class=\"elementor-widget-container\">\n\t\t\t<div class=\" vc_custom_heading  consulting_heading_font  text_align_left\" ><h3 style=\"text-align: left;font-weight:700\" class=\"consulting-custom-title\">\u00bfPor qu\u00e9 nos eligen?\n<\/h3><\/div>\t\t<\/div>\n\t\t\t\t<\/div>\n\t\t\t\t<div class=\"elementor-element elementor-element-f1d8493 elementor-widget elementor-widget-stm_icon_box\" data-id=\"f1d8493\" data-element_type=\"widget\" data-widget_type=\"stm_icon_box.default\">\n\t\t\t\t<div class=\"elementor-widget-container\">\n\t\t\t\n\n<a href=\"\" target=\"_self\"\n   class=\"icon_box elementor-consulting-icon-box style_6 clearfix\">\n    <div class=\"icon_box_inner\">\n                    <div class=\"icon  font-color_default\" >\n                <div class=\"icon_bg\"><i class=\"stm-mumbai_shape\"><\/i><\/div>\n                <i style=\"font-size:40px;   \"\n                   class=\" stm-diamond\"><\/i>\n            <\/div>\n                            <h4  class=\"font-color_base\">Responsabilidad y Profesionalidad\n<\/h4>\n                            <div class=\"icon_text\">\n                <p><span style=\"display: block; line-height: 24px; color: #272727;\">Nuestra experiencia nos permite brindar un servicio personalizado, para que este proceso tan doloroso se desarrolle en un marco de absoluto respeto y reserva. \u00a0<\/span><\/p>\n            <\/div>\n            <\/div>\n<\/a>\t\t<\/div>\n\t\t\t\t<\/div>\n\t\t\t\t<div class=\"elementor-element elementor-element-5bbe53f elementor-widget elementor-widget-stm_icon_box\" data-id=\"5bbe53f\" data-element_type=\"widget\" data-widget_type=\"stm_icon_box.default\">\n\t\t\t\t<div class=\"elementor-widget-container\">\n\t\t\t\n\n<a href=\"\" target=\"_self\"\n   class=\"icon_box elementor-consulting-icon-box style_6 clearfix\">\n    <div class=\"icon_box_inner\">\n                    <div class=\"icon  font-color_base\" >\n                <div class=\"icon_bg\"><i class=\"stm-mumbai_shape\"><\/i><\/div>\n                <i style=\"font-size:40px;   \"\n                   class=\" stm-glob-consulting\"><\/i>\n            <\/div>\n                            <h4  class=\"font-color_base\">Guardia 24 Horas\n<\/h4>\n                            <div class=\"icon_text\">\n                <p><span style=\"display: block; line-height: 24px; color: #272727;\">Estamos las 24hs a disposici\u00f3n aportando un servicio de calidad, para que pueda dejar todo el proceso en buenas manos y centrarse en estar con los suyos en un momento tan dif\u00edcil.<\/span><\/p>\n            <\/div>\n            <\/div>\n<\/a>\t\t<\/div>\n\t\t\t\t<\/div>\n\t\t\t\t<div class=\"elementor-element elementor-element-12622db elementor-widget elementor-widget-stm_icon_box\" data-id=\"12622db\" data-element_type=\"widget\" data-widget_type=\"stm_icon_box.default\">\n\t\t\t\t<div class=\"elementor-widget-container\">\n\t\t\t\n\n<a href=\"\" target=\"_self\"\n   class=\"icon_box elementor-consulting-icon-box style_6 clearfix\">\n    <div class=\"icon_box_inner\">\n                    <div class=\"icon  font-color_base\" >\n                <div class=\"icon_bg\"><i class=\"stm-mumbai_shape\"><\/i><\/div>\n                <i style=\"font-size:40px;   \"\n                   class=\" stm-sun_outline\"><\/i>\n            <\/div>\n                            <h4  class=\"font-color_base\">Contenci\u00f3n\n<\/h4>\n                            <div class=\"icon_text\">\n                <p><span style=\"display: block; line-height: 24px; color: #272727;\">Estamos listos para atenderlo y, sobre todo, ayudarlo en todo lo que necesite en ese momento tan dif\u00edcil. \u00a0<\/span><\/p>\n            <\/div>\n            <\/div>\n<\/a>\t\t<\/div>\n\t\t\t\t<\/div>\n\t\t\t\t\t<\/div>\n\t\t<\/div>\n\t\t\t\t<div class=\"elementor-column elementor-col-50 elementor-top-column elementor-element elementor-element-cbdf3f2\" data-id=\"cbdf3f2\" data-element_type=\"column\">\n\t\t\t<div class=\"elementor-widget-wrap elementor-element-populated\">\n\t\t\t\t\t\t\t\t<div class=\"elementor-element elementor-element-ee88b3b elementor-widget elementor-widget-stm_sidebar\" data-id=\"ee88b3b\" data-element_type=\"widget\" data-widget_type=\"stm_sidebar.default\">\n\t\t\t\t<div class=\"elementor-widget-container\">\n\t\t\t\n<div class=\"stm_sidebar consulting_elementor_sidebar\">\n\n            \t\t<div data-elementor-type=\"wp-post\" data-elementor-id=\"311\" class=\"elementor elementor-311\">\n\t\t\t\t\t\t\t\t\t<section class=\"elementor-section elementor-top-section elementor-element elementor-element-d75f04d elementor-section-boxed elementor-section-height-default elementor-section-height-default\" data-id=\"d75f04d\" data-element_type=\"section\" data-settings=\"{&quot;background_background&quot;:&quot;classic&quot;}\">\n\t\t\t\t\t\t<div class=\"elementor-container elementor-column-gap-default\">\n\t\t\t\t\t<div class=\"elementor-column elementor-col-100 elementor-top-column elementor-element elementor-element-d75f502\" data-id=\"d75f502\" data-element_type=\"column\" data-settings=\"{&quot;background_background&quot;:&quot;classic&quot;}\">\n\t\t\t<div class=\"elementor-widget-wrap elementor-element-populated\">\n\t\t\t\t\t\t\t\t<div class=\"elementor-element elementor-element-d75f8fa elementor-widget elementor-widget-vc_custom_heading\" data-id=\"d75f8fa\" data-element_type=\"widget\" data-widget_type=\"vc_custom_heading.default\">\n\t\t\t\t<div class=\"elementor-widget-container\">\n\t\t\t<div class=\" vc_custom_heading  consulting_heading_font  text_align_left\" ><h4 style=\"font-size: 20px;color: #FFFFFF;text-align: left;font-weight:700\" class=\"consulting-custom-title\">Podemos ayudarte?\n<\/h4><\/div>\t\t<\/div>\n\t\t\t\t<\/div>\n\t\t\t\t<div class=\"elementor-element elementor-element-d760053 elementor-widget__width-auto elementor-widget elementor-widget-button\" data-id=\"d760053\" data-element_type=\"widget\" data-widget_type=\"button.default\">\n\t\t\t\t<div class=\"elementor-widget-container\">\n\t\t\t\t\t<div class=\"elementor-button-wrapper icon_align_left  \">\n\t\t\t<a href=\"http:\/\/www.ferrandi.com.ar\/contacto\/\" class=\"elementor-button-link elementor-button elementor-size-sm\" role=\"button\">\n\t\t\t\t\t\t<span class=\"elementor-button-content-wrapper\">\n\t\t\t\t\t\t\t<span class=\"elementor-button-icon elementor-align-icon-left\">\n\t\t\t\t<i aria-hidden=\"true\" class=\" stm-lnr-phone\"><\/i>\t\t\t<\/span>\n\t\t\t\t\t\t<span class=\"elementor-button-text\">Contactanos<\/span>\n\t\t<\/span>\n\t\t\t\t\t<\/a>\n\t\t<\/div>\n\t\t\t\t<\/div>\n\t\t\t\t<\/div>\n\t\t\t\t\t<\/div>\n\t\t<\/div>\n\t\t\t\t\t\t\t<\/div>\n\t\t<\/section>\n\t\t\t\t<section class=\"elementor-section elementor-top-section elementor-element elementor-element-ca87809 elementor-section-boxed elementor-section-height-default elementor-section-height-default\" data-id=\"ca87809\" data-element_type=\"section\">\n\t\t\t\t\t\t<div class=\"elementor-container elementor-column-gap-default\">\n\t\t\t\t\t<div class=\"elementor-column elementor-col-100 elementor-top-column elementor-element elementor-element-ffd52e3\" data-id=\"ffd52e3\" data-element_type=\"column\">\n\t\t\t<div class=\"elementor-widget-wrap elementor-element-populated\">\n\t\t\t\t\t\t\t\t<div class=\"elementor-element elementor-element-ed0cc46 elementor-widget elementor-widget-image\" data-id=\"ed0cc46\" data-element_type=\"widget\" data-widget_type=\"image.default\">\n\t\t\t\t<div class=\"elementor-widget-container\">\n\t\t\t\t\t\t\t\t\t\t\t\t\t\t\t\t<a href=\"https:\/\/www.ferrandi.com.ar\/2021\/nuestros-planes\/#cotizador\">\n\t\t\t\t\t\t\t<img loading=\"lazy\" decoding=\"async\" width=\"715\" height=\"827\" src=\"https:\/\/www.ferrandi.com.ar\/2021\/wp-content\/uploads\/2016\/01\/cotizador-1.jpg\" class=\"attachment-full size-full\" alt=\"\" srcset=\"https:\/\/www.ferrandi.com.ar\/2021\/wp-content\/uploads\/2016\/01\/cotizador-1.jpg 715w, https:\/\/www.ferrandi.com.ar\/2021\/wp-content\/uploads\/2016\/01\/cotizador-1-259x300.jpg 259w\" sizes=\"auto, (max-width: 715px) 100vw, 715px\" \/>\t\t\t\t\t\t\t\t<\/a>\n\t\t\t\t\t\t\t\t\t\t\t\t\t\t\t<\/div>\n\t\t\t\t<\/div>\n\t\t\t\t\t<\/div>\n\t\t<\/div>\n\t\t\t\t\t\t\t<\/div>\n\t\t<\/section>\n\t\t\t\t<section class=\"elementor-section elementor-top-section elementor-element elementor-element-5a04703 elementor-section-boxed elementor-section-height-default elementor-section-height-default\" data-id=\"5a04703\" data-element_type=\"section\">\n\t\t\t\t\t\t<div class=\"elementor-container elementor-column-gap-default\">\n\t\t\t\t\t<div class=\"elementor-column elementor-col-100 elementor-top-column elementor-element elementor-element-28e3ca0\" data-id=\"28e3ca0\" data-element_type=\"column\">\n\t\t\t<div class=\"elementor-widget-wrap elementor-element-populated\">\n\t\t\t\t\t\t\t\t<div class=\"elementor-element elementor-element-2e80638 elementor-widget elementor-widget-image\" data-id=\"2e80638\" data-element_type=\"widget\" data-widget_type=\"image.default\">\n\t\t\t\t<div class=\"elementor-widget-container\">\n\t\t\t\t\t\t\t\t\t\t\t\t\t\t\t\t<a href=\"\" target=\"_blank\">\n\t\t\t\t\t\t\t<img loading=\"lazy\" decoding=\"async\" width=\"715\" height=\"1000\" src=\"https:\/\/www.ferrandi.com.ar\/2021\/wp-content\/uploads\/2016\/01\/seguro.jpg\" class=\"attachment-full size-full\" alt=\"\" srcset=\"https:\/\/www.ferrandi.com.ar\/2021\/wp-content\/uploads\/2016\/01\/seguro.jpg 715w, https:\/\/www.ferrandi.com.ar\/2021\/wp-content\/uploads\/2016\/01\/seguro-215x300.jpg 215w\" sizes=\"auto, (max-width: 715px) 100vw, 715px\" \/>\t\t\t\t\t\t\t\t<\/a>\n\t\t\t\t\t\t\t\t\t\t\t\t\t\t\t<\/div>\n\t\t\t\t<\/div>\n\t\t\t\t\t<\/div>\n\t\t<\/div>\n\t\t\t\t\t\t\t<\/div>\n\t\t<\/section>\n\t\t\t\t<section class=\"elementor-section elementor-top-section elementor-element elementor-element-d760a9c elementor-section-boxed elementor-section-height-default elementor-section-height-default\" data-id=\"d760a9c\" data-element_type=\"section\">\n\t\t\t\t\t\t<div class=\"elementor-container elementor-column-gap-default\">\n\t\t\t\t\t<div class=\"elementor-column elementor-col-100 elementor-top-column elementor-element elementor-element-d760f5a\" data-id=\"d760f5a\" data-element_type=\"column\">\n\t\t\t<div class=\"elementor-widget-wrap elementor-element-populated\">\n\t\t\t\t\t\t\t\t<div class=\"elementor-element elementor-element-d7612fa elementor-widget elementor-widget-stm_testimonials\" data-id=\"d7612fa\" data-element_type=\"widget\" data-widget_type=\"stm_testimonials.default\">\n\t\t\t\t<div class=\"elementor-widget-container\">\n\t\t\t\n\n            <div class=\"stm_testimonials consulting_elementor_testimonials style_1\">\n                            <div class=\"item\">\n                    <div class=\"testimonial\">Nuestra misi\u00f3n es ofrecer un servicio f\u00fanebre personalizado y de calidad brindando, atenci\u00f3n personalizada a cada familia, combinando calidez y contenci\u00f3n.<\/div>\n                    <div class=\"testimonial-info clearfix\">\n                        <div class=\"testimonial-image\"><img loading=\"lazy\" decoding=\"async\" width=\"50\" height=\"50\" src=\"https:\/\/www.ferrandi.com.ar\/2021\/wp-content\/uploads\/2016\/01\/icono-50x50.png\" class=\"attachment-consulting-image-50x50-croped size-consulting-image-50x50-croped wp-post-image\" alt=\"\" srcset=\"https:\/\/www.ferrandi.com.ar\/2021\/wp-content\/uploads\/2016\/01\/icono-50x50.png 50w, https:\/\/www.ferrandi.com.ar\/2021\/wp-content\/uploads\/2016\/01\/icono-300x300.png 300w, https:\/\/www.ferrandi.com.ar\/2021\/wp-content\/uploads\/2016\/01\/icono-150x150.png 150w, https:\/\/www.ferrandi.com.ar\/2021\/wp-content\/uploads\/2016\/01\/icono-320x320.png 320w, https:\/\/www.ferrandi.com.ar\/2021\/wp-content\/uploads\/2016\/01\/icono.png 472w\" sizes=\"auto, (max-width: 50px) 100vw, 50px\" \/><\/div>\n                        <div class=\"testimonial-text\">\n                            <div class=\"name\">Ferrandi Hnos S.A.<\/div>\n                            <div class=\"company\">\n                                Empresa de Pompas F\u00fanebres                            <\/div>\n                        <\/div>\n                    <\/div>\n                <\/div>\n                    <\/div>\n    \n\t\t<\/div>\n\t\t\t\t<\/div>\n\t\t\t\t\t<\/div>\n\t\t<\/div>\n\t\t\t\t\t\t\t<\/div>\n\t\t<\/section>\n\t\t\t\t<section class=\"elementor-section elementor-top-section elementor-element elementor-element-79efc47 elementor-section-boxed elementor-section-height-default elementor-section-height-default\" data-id=\"79efc47\" data-element_type=\"section\">\n\t\t\t\t\t\t<div class=\"elementor-container elementor-column-gap-default\">\n\t\t\t\t\t<div class=\"elementor-column elementor-col-100 elementor-top-column elementor-element elementor-element-c996e6c\" data-id=\"c996e6c\" data-element_type=\"column\">\n\t\t\t<div class=\"elementor-widget-wrap elementor-element-populated\">\n\t\t\t\t\t\t\t\t<div class=\"elementor-element elementor-element-8b2393f elementor-widget elementor-widget-image\" data-id=\"8b2393f\" data-element_type=\"widget\" data-widget_type=\"image.default\">\n\t\t\t\t<div class=\"elementor-widget-container\">\n\t\t\t\t\t\t\t\t\t\t\t\t\t\t\t\t<a href=\"http:\/\/www.ferrandi.com.ar\/afiliados\/\" target=\"_blank\">\n\t\t\t\t\t\t\t<img loading=\"lazy\" decoding=\"async\" width=\"715\" height=\"834\" src=\"https:\/\/www.ferrandi.com.ar\/2021\/wp-content\/uploads\/2016\/01\/factura.jpg\" class=\"attachment-full size-full\" alt=\"\" srcset=\"https:\/\/www.ferrandi.com.ar\/2021\/wp-content\/uploads\/2016\/01\/factura.jpg 715w, https:\/\/www.ferrandi.com.ar\/2021\/wp-content\/uploads\/2016\/01\/factura-257x300.jpg 257w\" sizes=\"auto, (max-width: 715px) 100vw, 715px\" \/>\t\t\t\t\t\t\t\t<\/a>\n\t\t\t\t\t\t\t\t\t\t\t\t\t\t\t<\/div>\n\t\t\t\t<\/div>\n\t\t\t\t\t<\/div>\n\t\t<\/div>\n\t\t\t\t\t\t\t<\/div>\n\t\t<\/section>\n\t\t\t\t\t\t\t<\/div>\n\t\t    \n<\/div>\t\t<\/div>\n\t\t\t\t<\/div>\n\t\t\t\t\t<\/div>\n\t\t<\/div>\n\t\t\t\t\t\t\t<\/div>\n\t\t<\/section>\n\t\t\t\t<section class=\"elementor-section elementor-top-section elementor-element elementor-element-717ef1d0 overlay_1 fixed_bg elementor-section-boxed elementor-section-height-default elementor-section-height-default\" data-id=\"717ef1d0\" data-element_type=\"section\" data-settings=\"{&quot;background_background&quot;:&quot;classic&quot;}\">\n\t\t\t\t\t\t\t<div class=\"elementor-background-overlay\"><\/div>\n\t\t\t\t\t\t\t<div class=\"elementor-container elementor-column-gap-default\">\n\t\t\t\t\t<div class=\"elementor-column elementor-col-33 elementor-top-column elementor-element elementor-element-3c747113\" data-id=\"3c747113\" data-element_type=\"column\">\n\t\t\t<div class=\"elementor-widget-wrap elementor-element-populated\">\n\t\t\t\t\t\t\t\t<div class=\"elementor-element elementor-element-e90f1cc elementor-widget elementor-widget-vc_custom_heading\" data-id=\"e90f1cc\" data-element_type=\"widget\" data-widget_type=\"vc_custom_heading.default\">\n\t\t\t\t<div class=\"elementor-widget-container\">\n\t\t\t<div class=\" vc_custom_heading  consulting_heading_font  text_align_left\" ><div style=\"font-size: 36px;color: #ffffff;text-align: left;line-height: 38px;font-weight:700\" class=\"consulting-custom-title\">Cotizador Online\n<\/div><\/div>\t\t<\/div>\n\t\t\t\t<\/div>\n\t\t\t\t<div class=\"elementor-element elementor-element-2647547f elementor-widget elementor-widget-text-editor\" data-id=\"2647547f\" data-element_type=\"widget\" data-widget_type=\"text-editor.default\">\n\t\t\t\t<div class=\"elementor-widget-container\">\n\t\t\t\t\t\t\t<p><span style=\"color: #ffffff; font-size: 16px; line-height: 22px;\">Env\u00edenos su solicitud y un representante se comunicar\u00e1 con Ud. para brindarle mayor informaci\u00f3n acerca del seguro, sus costos y beneficios. Gracias!<br \/><\/span><\/p>\n\t\t\t\t\t\t<\/div>\n\t\t\t\t<\/div>\n\t\t\t\t\t<\/div>\n\t\t<\/div>\n\t\t\t\t<div class=\"elementor-column elementor-col-66 elementor-top-column elementor-element elementor-element-2ca5e61a\" data-id=\"2ca5e61a\" data-element_type=\"column\">\n\t\t\t<div class=\"elementor-widget-wrap elementor-element-populated\">\n\t\t\t\t\t\t\t\t<div class=\"elementor-element elementor-element-38489e15 elementor-widget elementor-widget-stm_contact_form_7\" data-id=\"38489e15\" data-element_type=\"widget\" data-widget_type=\"stm_contact_form_7.default\">\n\t\t\t\t<div class=\"elementor-widget-container\">\n\t\t\t\n<div class=\"wpcf7 no-js\" id=\"wpcf7-f1173-o1\" lang=\"en-US\" dir=\"ltr\" data-wpcf7-id=\"1173\">\n<div class=\"screen-reader-response\"><p role=\"status\" aria-live=\"polite\" aria-atomic=\"true\"><\/p> <ul><\/ul><\/div>\n<form action=\"\/2021\/wp-json\/wp\/v2\/pages\/6137#wpcf7-f1173-o1\" method=\"post\" class=\"wpcf7-form init\" aria-label=\"Contact form\" novalidate=\"novalidate\" data-status=\"init\">\n<fieldset class=\"hidden-fields-container\"><input type=\"hidden\" name=\"_wpcf7\" value=\"1173\" \/><input type=\"hidden\" name=\"_wpcf7_version\" value=\"6.1.5\" \/><input type=\"hidden\" name=\"_wpcf7_locale\" value=\"en_US\" \/><input type=\"hidden\" name=\"_wpcf7_unit_tag\" value=\"wpcf7-f1173-o1\" \/><input type=\"hidden\" name=\"_wpcf7_container_post\" value=\"0\" \/><input type=\"hidden\" name=\"_wpcf7_posted_data_hash\" value=\"\" \/><input type=\"hidden\" name=\"_wpcf7_recaptcha_response\" value=\"\" \/>\n<\/fieldset>\n<div class=\"request_callback\">\n\t<div class=\"row\">\n\t\t<div class=\"col-lg-6 col-md-6 col-sm-6 col-xs-12\">\n\t\t\t<div class=\"input-group\">\n\t\t\t\t<p><span class=\"wpcf7-form-control-wrap\" data-name=\"text-name\"><input size=\"40\" maxlength=\"400\" class=\"wpcf7-form-control wpcf7-text wpcf7-validates-as-required\" aria-required=\"true\" aria-invalid=\"false\" placeholder=\"Nombre\/Apellido *\" value=\"\" type=\"text\" name=\"text-name\" \/><\/span>\n\t\t\t\t<\/p>\n\t\t\t<\/div>\n\t\t\t<div class=\"input-group\">\n\t\t\t\t<p><span class=\"wpcf7-form-control-wrap\" data-name=\"direccion\"><input size=\"40\" maxlength=\"400\" class=\"wpcf7-form-control wpcf7-text\" aria-invalid=\"false\" placeholder=\"Direcci\u00f3n *\" value=\"\" type=\"text\" name=\"direccion\" \/><\/span>\n\t\t\t\t<\/p>\n\t\t\t<\/div>\n\t\t\t<div class=\"input-group\">\n\t\t\t\t<p><span class=\"wpcf7-form-control-wrap\" data-name=\"telefono\"><input size=\"40\" maxlength=\"400\" class=\"wpcf7-form-control wpcf7-text\" aria-invalid=\"false\" placeholder=\"Tel\u00e9fono *\" value=\"\" type=\"text\" name=\"telefono\" \/><\/span>\n\t\t\t\t<\/p>\n\t\t\t<\/div>\n\t\t\t<div class=\"input-group\">\n\t\t\t\t<p><span class=\"wpcf7-form-control-wrap\" data-name=\"email\"><input size=\"40\" maxlength=\"400\" class=\"wpcf7-form-control wpcf7-email wpcf7-validates-as-required wpcf7-text wpcf7-validates-as-email\" aria-required=\"true\" aria-invalid=\"false\" placeholder=\"E-mail *\" value=\"\" type=\"email\" name=\"email\" \/><\/span>\n\t\t\t\t<\/p>\n\t\t\t<\/div>\n\t\t\t<div class=\"input-group\">\n\t\t\t\t<p><span class=\"wpcf7-form-control-wrap\" data-name=\"localidad\"><input size=\"40\" maxlength=\"400\" class=\"wpcf7-form-control wpcf7-text\" aria-invalid=\"false\" placeholder=\"Localidad *\" value=\"\" type=\"text\" name=\"localidad\" \/><\/span>\n\t\t\t\t<\/p>\n\t\t\t<\/div>\n\t\t<\/div>\n\t\t<div class=\"col-lg-6 col-md-6 col-sm-6 col-xs-12\">\n\t\t\t<div class=\"input-group\">\n\t\t\t\t<p><span class=\"wpcf7-form-control-wrap\" data-name=\"afiliados\"><input size=\"40\" maxlength=\"400\" class=\"wpcf7-form-control wpcf7-text\" aria-invalid=\"false\" placeholder=\"Cantidad de afiliados *\" value=\"\" type=\"text\" name=\"afiliados\" \/><\/span>\n\t\t\t\t<\/p>\n\t\t\t<\/div>\n\t\t\t<div class=\"input-group\">\n\t\t\t\t<p><span class=\"wpcf7-form-control-wrap\" data-name=\"edades\"><input size=\"40\" maxlength=\"400\" class=\"wpcf7-form-control wpcf7-text wpcf7-validates-as-required\" aria-required=\"true\" aria-invalid=\"false\" placeholder=\"Edades *\" value=\"\" type=\"text\" name=\"edades\" \/><\/span>\n\t\t\t\t<\/p>\n\t\t\t<\/div>\n\t\t\t<div class=\"input-group\">\n\t\t\t\t<p><span class=\"wpcf7-form-control-wrap\" data-name=\"message\"><textarea cols=\"40\" rows=\"10\" maxlength=\"2000\" class=\"wpcf7-form-control wpcf7-textarea wpcf7-validates-as-required\" aria-required=\"true\" aria-invalid=\"false\" placeholder=\"Su mensaje *\" name=\"message\"><\/textarea><\/span>\n\t\t\t\t<\/p>\n\t\t\t<\/div>\n\t\t\t<div class=\"input-group\">\n\t\t\t\t<p><button type=\"submit\" class=\"button size-lg icon_right\">Enviar cotizaci\u00f3n <i class=\"fa fa-chevron-right\"><\/i><\/button>\n\t\t\t\t<\/p>\n\t\t\t<\/div>\n\t\t<\/div>\n\t<\/div>\n<\/div><div class=\"wpcf7-response-output\" aria-hidden=\"true\"><\/div>\n<\/form>\n<\/div>\n\t\t<\/div>\n\t\t\t\t<\/div>\n\t\t\t\t\t<\/div>\n\t\t<\/div>\n\t\t\t\t\t\t\t<\/div>\n\t\t<\/section>\n\t\t\t\t\t\t\t<\/div>\n\t\t","protected":false},"excerpt":{"rendered":"Hay circunstancias en la vida que, aunque parezcan lejanas, finalmente ser\u00e1n inexorables. Contar hoy con un seguro de sepelio significa evitar, llegado el momento, preocupaciones innecesarias y ahorrarle importantes erogaciones. Concretar una p\u00f3liza le garantiza que el servicio estar\u00e1 disponible en el tiempo, sin que posteriormente deba afrontar pagos adicionales. M\u00e1s de 120 a\u00f1os ofreciendo","protected":false},"author":2,"featured_media":0,"parent":0,"menu_order":0,"comment_status":"closed","ping_status":"closed","template":"","meta":{"_joinchat":[],"footnotes":""},"class_list":["post-6137","page","type-page","status-publish","hentry"],"_links":{"self":[{"href":"https:\/\/www.ferrandi.com.ar\/2021\/wp-json\/wp\/v2\/pages\/6137","targetHints":{"allow":["GET"]}}],"collection":[{"href":"https:\/\/www.ferrandi.com.ar\/2021\/wp-json\/wp\/v2\/pages"}],"about":[{"href":"https:\/\/www.ferrandi.com.ar\/2021\/wp-json\/wp\/v2\/types\/page"}],"author":[{"embeddable":true,"href":"https:\/\/www.ferrandi.com.ar\/2021\/wp-json\/wp\/v2\/users\/2"}],"replies":[{"embeddable":true,"href":"https:\/\/www.ferrandi.com.ar\/2021\/wp-json\/wp\/v2\/comments?post=6137"}],"version-history":[{"count":30,"href":"https:\/\/www.ferrandi.com.ar\/2021\/wp-json\/wp\/v2\/pages\/6137\/revisions"}],"predecessor-version":[{"id":8239,"href":"https:\/\/www.ferrandi.com.ar\/2021\/wp-json\/wp\/v2\/pages\/6137\/revisions\/8239"}],"wp:attachment":[{"href":"https:\/\/www.ferrandi.com.ar\/2021\/wp-json\/wp\/v2\/media?parent=6137"}],"curies":[{"name":"wp","href":"https:\/\/api.w.org\/{rel}","templated":true}]}}